s the tens digit of 2058?
5
What is the hundreds digit of 451?
4
What is the hundreds digit of 1122?
1
What is the ten thousands digit of 68865?
6
What is the tens digit of 107?
0
What is the tens digit of 34533?
3
What is the units digit of 6599?
9
What is the units digit of 910?
0
What is the thousands digit of 4655?
4
What is the units digit of 65?
5
What is the tens digit of 17900?
0
What is the hundreds digit of 681?
6
What is the units digit of 27?
7
What is the units digit of 47463?
3
What is the tens digit of 10167?
6
What is the thousands digit of 79729?
9
What is the ten thousands digit of 75596?
7
What is the tens digit of 129609?
0
What is the hundreds digit of 33050?
0
What is the ten thousands digit of 11395?
1
What is the units digit of 41657?
7
What is the ten thousands digit of 116239?
1
What is the units digit of 35147?
7
What is the ten thousands digit of 10997?
1
What is the units digit of 1368?
8
What is the units digit of 36?
6
What is the tens digit of 2419?
1
What is the tens digit of 5865?
6
What is the units digit of 162?
2
What is the hundreds digit of 319?
3
What is the hundreds digit of 96131?
1
What is the hundreds digit of 30194?
1
What is the units digit of 2963?
3
What is the units digit of 4848?
8
What is the tens digit of 6646?
4
What is the hundreds digit of 23645?
6
What is the units digit of 11471?
1
What is the thousands digit of 14138?
4
What is the hundreds digit of 1417?
4
What is the hundreds digit of 834?
8
What is the thousands digit of 6878?
6
What is the ten thousands digit of 60325?
6
What is the hundreds digit of 1073?
0
What is the tens digit of 3930?
3
What is the units digit of 45261?
1
What is the thousands digit of 48520?
8
What is the tens digit of 72346?
4
What is the thousands digit of 3314?
3
What is the ten thousands digit of 49481?
4
What is the tens digit of 31141?
4
What is the hundreds digit of 138560?
5
What is the tens digit of 895?
9
What is the ten thousands digit of 26512?
2
What is the hundreds digit of 2489?
4
What is the hundreds digit of 2752?
7
What is the thousands digit of 1346?
1
What is the units digit of 82654?
4
What is the tens digit of 809?
0
What is the hundreds digit of 130560?
5
What is the units digit of 36983?
3
What is the thousands digit of 4927?
4
What is the tens digit of 2075?
7
What is the tens digit of 1088?
8
What is the tens digit of 8230?
3
What is the hundreds digit of 10936?
9
What is the tens digit of 19216?
1
What is the thousands digit of 62727?
2
What is the hundreds digit of 2403?
4
What is the hundreds digit of 54180?
1
What is the tens digit of 608?
0
What is the thousands digit of 3848?
3
What is the thousands digit of 27183?
7
What is the hundreds digit of 3351?
3
What is the units digit of 2518?
8
What is the tens digit of 2686?
8
What is the units digit of 271?
1
What is the tens digit of 103?
0
What is the hundreds digit of 34915?
9
What is the units digit of 965?
5
What is the thousands digit of 16105?
6
What is the hundred thousands digit of 115566?
1
What is the tens digit of 307?
0
What is the hundreds digit of 2983?
9
What is the thousands digit of 141731?
1
What is the units digit of 2564?
4
What is the thousands digit of 5175?
5
What is the units digit of 15647?
7
What is the hundreds digit of 10528?
5
What is the ten thousands digit of 34505?
3
What is the hundreds digit of 3203?
2
What is the thousands digit of 72037?
2
What is the hundreds digit of 9051?
0
What is the units digit of 34005?
5
What is the tens digit of 291?
9
What is the tens digit of 1388?
8
What is the hundreds digit of 4414?
4
What is the units digit of 1983?
3
What is the tens digit of 7801?
0
What is the thousands digit of 40352?
0
What is the thousands digit of 10068?
0
What is the units digit of 36?
6
What is the hundreds digit of 508?
5
What is the tens digit of 218?
1
What is the hundreds digit of 69237?
2
What is the units digit of 212?
2
What is the thousands digit of 4775?
4
What is the thousands digit of 5532?
5
What is the tens digit of 1899?
9
What is the ten thousands digit of 54207?
5
What is the hundreds digit of 714?
7
What is the tens digit of 29091?
9
What is the thousands digit of 1916?
1
What is the hundreds digit of 630?
6
What is the units digit of 44507?
7
What is the units digit of 4111?
1
What is the hundreds digit of 1151?
1
What is the units digit of 3937?
7
What is the hundreds digit of 592?
5
What is the thousands digit of 1244?
1
What is the tens digit of 1768?
6
What is the units digit of 5995?
5
What is the tens digit of 40926?
2
What is the tens digit of 9398?
9
What is the thousands digit of 14525?
4
What is the units digit of 7344?
4
What is the hundreds digit of 3793?
7
What is the thousands digit of 4415?
4
What is the thousands digit of 92836?
2
What is the units digit of 407?
7
What is the thousands digit of 3420?
3
What is the units digit of 1340?
0
What is the hundreds digit of 56624?
6
What is the hundreds digit of 949?
9
What is the thousands digit of 27007?
7
What is the units digit of 4427?
7
What is the thousands digit of 14994?
4
What is the hundreds digit of 23256?
2
What is the units digit of 608?
8
What is the hundreds digit of 451?
4
What is the tens digit of 32091?
9
What is the thousands digit of 7067?
7
What is the units digit of 3577?
7
What is the tens digit of 12061?
6
What is the hundreds digit of 4145?
1
What is the hundreds digit of 577?
5
What is the units digit of 467?
7
What is the hundreds digit of 4340?
3
What is the thousands digit of 1846?
1
What is the tens digit of 4506?
0
What is the thousands digit of 4744?
4
What is the thousands digit of 2099?
2
What is the thousands digit of 28992?
8
What is the thousands digit of 1959?
1
What is the units digit of 99918?
8
What is the tens digit of 16589?
8
What is the tens digit of 967?
6
What is the units digit of 22805?
5
What is the hundreds digit of 1560?
5
What is the tens digit of 25449?
4
What is the hundreds digit of 1212?
2
What is the ten thousands digit of 33817?
3
What is the tens digit of 6406?
0
What is the tens digit of 64646?
4
What is the tens digit of 471?
7
What is the hundreds digit of 72360?
3
What is the units digit of 75279?
9
What is the units digit of 22853?
3
What is the thousands digit of 2913?
2
What is the units digit of 2894?
4
What is the tens digit of 2628?
2
What is the thousands digit of 4750?
4
What is the ten thousands digit of 11606?
1
What is the thousands digit of 118859?
8
What is the units digit of 4834?
4
What is the units digit of 19320?
0
What is the tens digit of 867?
6
What is the units digit of 57?
7
What is the ten thousands digit of 12173?
1
What is the hundreds digit of 36224?
2
What is the units digit of 50?
0
What is the units digit of 547?
7
What is the tens digit of 350?
5
What is the hundreds digit of 634?
6
What is the tens digit of 3805?
0
What is the units digit of 612?
2
What is the hundreds digit of 2122?
1
What is the thousands digit of 68490?
8
What is the tens digit of 74?
7
What is the hundreds digit of 325?
3
What is the tens digit of 171?
7
What is the thousands digit of 2566?
2
What is the tens digit of 4099?
9
What is the hundreds digit of 793?
7
What is the hundreds digit of 801?
8
What is the hundreds digit of 10106?
1
What is the thousands digit of 1637?
1
What is the tens digit of 48244?
4
What is the tens digit of 332?
3
What is the hundreds digit of 4748?
7
What is the units digit of 39962?
2
What is the tens digit of 26542?
4
What is the ten thousands digit of 26736?
2
What is the tens digit of 96?
9
What is the tens digit of 350?
5
What is the units digit of 148?
8
What is the hundred thousands digit of 129462?
1
What is the units digit of 12965?
5
What is the units digit of 8319?
9
What is the thousands digit of 1249?
1
What is the hundreds digit of 7183?
1
What is the thousands digit of 22628?
2
What is the hundreds digit of 463?
4
What is the ten thousands digit of 12442?
1
What is the hundreds digit of 3757?
7
What is the hundreds digit of 5855?
8
What is the thousands digit of 5285?
5
What is the units digit of 7153?
3
What is the tens digit of 17875?
7
What is the thousands digit of 2458?
2
What is the hundreds digit of 2316?
3
What is the tens digit of 16586?
8
Wh